{"id":619,"date":"2021-03-13T22:26:09","date_gmt":"2021-03-13T22:26:09","guid":{"rendered":"http:\/\/el.commonsupport.com\/newwp\/intech\/?page_id=619"},"modified":"2024-08-01T18:52:29","modified_gmt":"2024-08-01T18:52:29","slug":"news-style-02","status":"publish","type":"page","link":"https:\/\/balder-net.de\/?page_id=619","title":{"rendered":"News Style 02"},"content":{"rendered":"\t\t<div data-elementor-type=\"wp-page\" data-elementor-id=\"619\" class=\"elementor elementor-619\">\n\t\t\t\t\t\t<section class=\"elementor-section elementor-top-section elementor-element elementor-element-1bda486 elementor-section-full_width elementor-section-height-default elementor-section-height-default\" data-id=\"1bda486\" data-element_type=\"section\">\n\t\t\t\t\t\t<div class=\"elementor-container elementor-column-gap-default\">\n\t\t\t\t\t<div class=\"elementor-column elementor-col-100 elementor-top-column elementor-element elementor-element-301ec7e\" data-id=\"301ec7e\" data-element_type=\"column\">\n\t\t\t<div class=\"elementor-widget-wrap elementor-element-populated\">\n\t\t\t\t\t\t<div class=\"elementor-element elementor-element-81c49c0 elementor-widget elementor-widget-intech_blog_2_column\" data-id=\"81c49c0\" data-element_type=\"widget\" data-widget_type=\"intech_blog_2_column.default\">\n\t\t\t\t<div class=\"elementor-widget-container\">\n\t\t\t        \n        <section class=\"blog-two blog-two__two-col\">\n            <div class=\"container\">\n                <div class=\"row\">\n                                        <div class=\"col-lg-6\">\n                        <div class=\"blog-two__single wow fadeInUp row no-gutters\" data-wow-duration=\"2s\">\n                            <div class=\"col-lg-12\">\n                                <div class=\"blog-two__image\">\n\t\t\t\t\t\t\t\t\t<img fetchpriority=\"high\" decoding=\"async\" width=\"560\" height=\"360\" src=\"https:\/\/balder-net.de\/wp-content\/uploads\/2026\/04\/KI-scaled-3a1iEJ-560x360.jpg\" class=\"img-fluid wp-post-image\" alt=\"\" \/>                                    <div class=\"blog-two__hover-content\">\n                                        <a href=\"https:\/\/balder-net.de\/?p=3284\"><i class=\"fa fa-link\"><\/i><\/a>\n                                    <\/div><!-- \/.blog-two__hover-content -->\n                                <\/div><!-- \/.blog-two__image -->\n                            <\/div><!-- \/.col-lg-6 -->\n                            <div class=\"col-lg-12 d-flex\">\n                                <div class=\"my-auto\">\n                                    <div class=\"blog-two__content\">\n                                        <h3 class=\"blog-two__title\"><a href=\"https:\/\/balder-net.de\/?p=3284\">Cisco-Studie: KI in der deutschen Industrie angekommen<\/a><\/h3><!-- \/.blog-two__title -->\n                                        <p class=\"blog-two__text\">Knapp zwei Drittel der Unternehmen nutzen KI bereits in realen Industrieprozessen, aber KI in Echtzeit ...<\/p>\n                                        <!-- \/.blog-two__text -->\n                                        <div class=\"blog-one__meta\">\n\t\t\t\t\t\t\t\t\t\t\t<img alt='' src='https:\/\/secure.gravatar.com\/avatar\/?s=40&#038;d=mm&#038;r=g' srcset='https:\/\/secure.gravatar.com\/avatar\/?s=80&#038;d=mm&#038;r=g 2x' class='avatar avatar-40 photo avatar-default' height='40' width='40' \/>                                            <span class=\"blog-one__meta-text\">by <a href=\"https:\/\/balder-net.de\/?author=0\" class=\"blog-one__author\"><\/a> \/\n                                                <a href=\"https:\/\/balder-net.de\/?m=202604\" class=\"blog-one__date\">17.04.2026<\/a><\/span>\n                                        <\/div><!-- \/.blog-one__meta -->\n                                    <\/div><!-- \/.blog-two__content -->\n                                <\/div><!-- \/.my-auto -->\n                            <\/div><!-- \/.col-lg-6 -->\n                        <\/div><!-- \/.blog-two__single -->\n                    <\/div><!-- \/.col-lg-6 -->\n                                        <div class=\"col-lg-6\">\n                        <div class=\"blog-two__single wow fadeInUp row no-gutters\" data-wow-duration=\"2s\">\n                            <div class=\"col-lg-12\">\n                                <div class=\"blog-two__image\">\n\t\t\t\t\t\t\t\t\t<img decoding=\"async\" src=\"https:\/\/img.community.ui.com\/b1ad65ed-c921-409d-a05d-b8275e780ae9\/releases\/ad3a39c1-ce8a-4b37-9a09-1f0c49126d4f\/3b89366a-92ea-4994-9fa8-9f59a4e6a134\" class=\"img-fluid\" alt=\"UniFi Network Application 10.3.55\" \/>                                    <div class=\"blog-two__hover-content\">\n                                        <a href=\"https:\/\/balder-net.de\/?p=3283\"><i class=\"fa fa-link\"><\/i><\/a>\n                                    <\/div><!-- \/.blog-two__hover-content -->\n                                <\/div><!-- \/.blog-two__image -->\n                            <\/div><!-- \/.col-lg-6 -->\n                            <div class=\"col-lg-12 d-flex\">\n                                <div class=\"my-auto\">\n                                    <div class=\"blog-two__content\">\n                                        <h3 class=\"blog-two__title\"><a href=\"https:\/\/balder-net.de\/?p=3283\">UniFi Network Application 10.3.55<\/a><\/h3><!-- \/.blog-two__title -->\n                                        <p class=\"blog-two__text\">Overview UniFi Network Application 10.3.55 adds Identity Firewall, Improves Device Monitoring, and includes additional improvements ...<\/p>\n                                        <!-- \/.blog-two__text -->\n                                        <div class=\"blog-one__meta\">\n\t\t\t\t\t\t\t\t\t\t\t<img alt='' src='https:\/\/secure.gravatar.com\/avatar\/?s=40&#038;d=mm&#038;r=g' srcset='https:\/\/secure.gravatar.com\/avatar\/?s=80&#038;d=mm&#038;r=g 2x' class='avatar avatar-40 photo avatar-default' height='40' width='40' \/>                                            <span class=\"blog-one__meta-text\">by <a href=\"https:\/\/balder-net.de\/?author=0\" class=\"blog-one__author\"><\/a> \/\n                                                <a href=\"https:\/\/balder-net.de\/?m=202604\" class=\"blog-one__date\">16.04.2026<\/a><\/span>\n                                        <\/div><!-- \/.blog-one__meta -->\n                                    <\/div><!-- \/.blog-two__content -->\n                                <\/div><!-- \/.my-auto -->\n                            <\/div><!-- \/.col-lg-6 -->\n                        <\/div><!-- \/.blog-two__single -->\n                    <\/div><!-- \/.col-lg-6 -->\n                                        <div class=\"col-lg-6\">\n                        <div class=\"blog-two__single wow fadeInUp row no-gutters\" data-wow-duration=\"2s\">\n                            <div class=\"col-lg-12\">\n                                <div class=\"blog-two__image\">\n\t\t\t\t\t\t\t\t\t<img decoding=\"async\" width=\"560\" height=\"360\" src=\"https:\/\/balder-net.de\/wp-content\/uploads\/2026\/04\/netzwerk-global-cKAQ4F-560x360.jpg\" class=\"img-fluid wp-post-image\" alt=\"\" \/>                                    <div class=\"blog-two__hover-content\">\n                                        <a href=\"https:\/\/balder-net.de\/?p=3281\"><i class=\"fa fa-link\"><\/i><\/a>\n                                    <\/div><!-- \/.blog-two__hover-content -->\n                                <\/div><!-- \/.blog-two__image -->\n                            <\/div><!-- \/.col-lg-6 -->\n                            <div class=\"col-lg-12 d-flex\">\n                                <div class=\"my-auto\">\n                                    <div class=\"blog-two__content\">\n                                        <h3 class=\"blog-two__title\"><a href=\"https:\/\/balder-net.de\/?p=3281\">Wenn Infrastruktur und Konnektivit\u00e4t KI ausbremst<\/a><\/h3><!-- \/.blog-two__title -->\n                                        <p class=\"blog-two__text\">Warum es N\u00e4he zwischen Daten, Nutzern und KI braucht, und welche Rolle Internetknoten und Satelliten ...<\/p>\n                                        <!-- \/.blog-two__text -->\n                                        <div class=\"blog-one__meta\">\n\t\t\t\t\t\t\t\t\t\t\t<img alt='' src='https:\/\/secure.gravatar.com\/avatar\/?s=40&#038;d=mm&#038;r=g' srcset='https:\/\/secure.gravatar.com\/avatar\/?s=80&#038;d=mm&#038;r=g 2x' class='avatar avatar-40 photo avatar-default' height='40' width='40' \/>                                            <span class=\"blog-one__meta-text\">by <a href=\"https:\/\/balder-net.de\/?author=0\" class=\"blog-one__author\"><\/a> \/\n                                                <a href=\"https:\/\/balder-net.de\/?m=202604\" class=\"blog-one__date\">16.04.2026<\/a><\/span>\n                                        <\/div><!-- \/.blog-one__meta -->\n                                    <\/div><!-- \/.blog-two__content -->\n                                <\/div><!-- \/.my-auto -->\n                            <\/div><!-- \/.col-lg-6 -->\n                        <\/div><!-- \/.blog-two__single -->\n                    <\/div><!-- \/.col-lg-6 -->\n                                        <div class=\"col-lg-6\">\n                        <div class=\"blog-two__single wow fadeInUp row no-gutters\" data-wow-duration=\"2s\">\n                            <div class=\"col-lg-12\">\n                                <div class=\"blog-two__image\">\n\t\t\t\t\t\t\t\t\t<img decoding=\"async\" width=\"560\" height=\"360\" src=\"https:\/\/balder-net.de\/wp-content\/uploads\/2026\/04\/Bildschirmfoto-2026-03-06-um-09.17.35-LKZUI0-560x360.png\" class=\"img-fluid wp-post-image\" alt=\"\" \/>                                    <div class=\"blog-two__hover-content\">\n                                        <a href=\"https:\/\/balder-net.de\/?p=3279\"><i class=\"fa fa-link\"><\/i><\/a>\n                                    <\/div><!-- \/.blog-two__hover-content -->\n                                <\/div><!-- \/.blog-two__image -->\n                            <\/div><!-- \/.col-lg-6 -->\n                            <div class=\"col-lg-12 d-flex\">\n                                <div class=\"my-auto\">\n                                    <div class=\"blog-two__content\">\n                                        <h3 class=\"blog-two__title\"><a href=\"https:\/\/balder-net.de\/?p=3279\">KI ver\u00e4ndert Spielregeln der Sichtbarkeit<\/a><\/h3><!-- \/.blog-two__title -->\n                                        <p class=\"blog-two__text\">Der Einfluss von KI-Systemen auf die Informationssuche w\u00e4chst rasant. Guter Content allein reicht nicht mehr ...<\/p>\n                                        <!-- \/.blog-two__text -->\n                                        <div class=\"blog-one__meta\">\n\t\t\t\t\t\t\t\t\t\t\t<img alt='' src='https:\/\/secure.gravatar.com\/avatar\/?s=40&#038;d=mm&#038;r=g' srcset='https:\/\/secure.gravatar.com\/avatar\/?s=80&#038;d=mm&#038;r=g 2x' class='avatar avatar-40 photo avatar-default' height='40' width='40' \/>                                            <span class=\"blog-one__meta-text\">by <a href=\"https:\/\/balder-net.de\/?author=0\" class=\"blog-one__author\"><\/a> \/\n                                                <a href=\"https:\/\/balder-net.de\/?m=202604\" class=\"blog-one__date\">16.04.2026<\/a><\/span>\n                                        <\/div><!-- \/.blog-one__meta -->\n                                    <\/div><!-- \/.blog-two__content -->\n                                <\/div><!-- \/.my-auto -->\n                            <\/div><!-- \/.col-lg-6 -->\n                        <\/div><!-- \/.blog-two__single -->\n                    <\/div><!-- \/.col-lg-6 -->\n                                        <div class=\"col-lg-6\">\n                        <div class=\"blog-two__single wow fadeInUp row no-gutters\" data-wow-duration=\"2s\">\n                            <div class=\"col-lg-12\">\n                                <div class=\"blog-two__image\">\n\t\t\t\t\t\t\t\t\t<img loading=\"lazy\" decoding=\"async\" width=\"560\" height=\"360\" src=\"https:\/\/balder-net.de\/wp-content\/uploads\/2026\/04\/AdobeStock_63175085-scaled-9JFJg1-560x360.jpg\" class=\"img-fluid wp-post-image\" alt=\"\" \/>                                    <div class=\"blog-two__hover-content\">\n                                        <a href=\"https:\/\/balder-net.de\/?p=3277\"><i class=\"fa fa-link\"><\/i><\/a>\n                                    <\/div><!-- \/.blog-two__hover-content -->\n                                <\/div><!-- \/.blog-two__image -->\n                            <\/div><!-- \/.col-lg-6 -->\n                            <div class=\"col-lg-12 d-flex\">\n                                <div class=\"my-auto\">\n                                    <div class=\"blog-two__content\">\n                                        <h3 class=\"blog-two__title\"><a href=\"https:\/\/balder-net.de\/?p=3277\">KI-Agenten scheitern am technischen Einkauf<\/a><\/h3><!-- \/.blog-two__title -->\n                                        <p class=\"blog-two__text\">Mc-Kinsey-Report: Das Problem mit KI im Einkauf ist kein Technologieproblem, sondern ein Leadership-Problem.<\/p>\n                                        <!-- \/.blog-two__text -->\n                                        <div class=\"blog-one__meta\">\n\t\t\t\t\t\t\t\t\t\t\t<img alt='' src='https:\/\/secure.gravatar.com\/avatar\/?s=40&#038;d=mm&#038;r=g' srcset='https:\/\/secure.gravatar.com\/avatar\/?s=80&#038;d=mm&#038;r=g 2x' class='avatar avatar-40 photo avatar-default' height='40' width='40' \/>                                            <span class=\"blog-one__meta-text\">by <a href=\"https:\/\/balder-net.de\/?author=0\" class=\"blog-one__author\"><\/a> \/\n                                                <a href=\"https:\/\/balder-net.de\/?m=202604\" class=\"blog-one__date\">16.04.2026<\/a><\/span>\n                                        <\/div><!-- \/.blog-one__meta -->\n                                    <\/div><!-- \/.blog-two__content -->\n                                <\/div><!-- \/.my-auto -->\n                            <\/div><!-- \/.col-lg-6 -->\n                        <\/div><!-- \/.blog-two__single -->\n                    <\/div><!-- \/.col-lg-6 -->\n                                        <div class=\"col-lg-6\">\n                        <div class=\"blog-two__single wow fadeInUp row no-gutters\" data-wow-duration=\"2s\">\n                            <div class=\"col-lg-12\">\n                                <div class=\"blog-two__image\">\n\t\t\t\t\t\t\t\t\t<img loading=\"lazy\" decoding=\"async\" width=\"560\" height=\"360\" src=\"https:\/\/balder-net.de\/wp-content\/uploads\/2026\/04\/shutterstock_2622764617-PyIsnA-560x360.jpg\" class=\"img-fluid wp-post-image\" alt=\"\" \/>                                    <div class=\"blog-two__hover-content\">\n                                        <a href=\"https:\/\/balder-net.de\/?p=3275\"><i class=\"fa fa-link\"><\/i><\/a>\n                                    <\/div><!-- \/.blog-two__hover-content -->\n                                <\/div><!-- \/.blog-two__image -->\n                            <\/div><!-- \/.col-lg-6 -->\n                            <div class=\"col-lg-12 d-flex\">\n                                <div class=\"my-auto\">\n                                    <div class=\"blog-two__content\">\n                                        <h3 class=\"blog-two__title\"><a href=\"https:\/\/balder-net.de\/?p=3275\">KI bricht Grenzen der traditionellen Sicherheit<\/a><\/h3><!-- \/.blog-two__title -->\n                                        <p class=\"blog-two__text\">Hybride Belegschaften aus Menschen und KI erfordern Trendwende, sagt Gastautor Javvad Malik von KnowBe4.<\/p>\n                                        <!-- \/.blog-two__text -->\n                                        <div class=\"blog-one__meta\">\n\t\t\t\t\t\t\t\t\t\t\t<img alt='' src='https:\/\/secure.gravatar.com\/avatar\/?s=40&#038;d=mm&#038;r=g' srcset='https:\/\/secure.gravatar.com\/avatar\/?s=80&#038;d=mm&#038;r=g 2x' class='avatar avatar-40 photo avatar-default' height='40' width='40' \/>                                            <span class=\"blog-one__meta-text\">by <a href=\"https:\/\/balder-net.de\/?author=0\" class=\"blog-one__author\"><\/a> \/\n                                                <a href=\"https:\/\/balder-net.de\/?m=202604\" class=\"blog-one__date\">16.04.2026<\/a><\/span>\n                                        <\/div><!-- \/.blog-one__meta -->\n                                    <\/div><!-- \/.blog-two__content -->\n                                <\/div><!-- \/.my-auto -->\n                            <\/div><!-- \/.col-lg-6 -->\n                        <\/div><!-- \/.blog-two__single -->\n                    <\/div><!-- \/.col-lg-6 -->\n                                    <\/div><!-- \/.row -->\n                <div class=\"post-pagination\">\n\t\t\t\t\t<ul class=\"pagination\">\n\t<li><span aria-current=\"page\" class=\"page-numbers current\">1<\/span><\/li>\n\t<li><a class=\"page-numbers\" href=\"https:\/\/balder-net.de\/index.php?rest_route=%2Fwp%2Fv2%2Fpages%2F619&#038;paged=2\">2<\/a><\/li>\n\t<li><a class=\"page-numbers\" href=\"https:\/\/balder-net.de\/index.php?rest_route=%2Fwp%2Fv2%2Fpages%2F619&#038;paged=3\">3<\/a><\/li>\n\t<li><span class=\"page-numbers dots\">&hellip;<\/span><\/li>\n\t<li><a class=\"page-numbers\" href=\"https:\/\/balder-net.de\/index.php?rest_route=%2Fwp%2Fv2%2Fpages%2F619&#038;paged=141\">141<\/a><\/li>\n\t<li><a class=\"next page-numbers\" href=\"https:\/\/balder-net.de\/index.php?rest_route=%2Fwp%2Fv2%2Fpages%2F619&#038;paged=2\"><i class=\"fa fa-long-arrow-right\"><\/i><\/a><\/li>\n<\/ul>\n                <\/div><!-- \/.post-pagination -->\n            <\/div><!-- \/.container -->\n        <\/section><!-- \/.blog-two -->\n\n        \t\t<\/div>\n\t\t\t\t<\/div>\n\t\t\t\t\t<\/div>\n\t\t<\/div>\n\t\t\t\t\t<\/div>\n\t\t<\/section>\n\t\t\t\t<section class=\"elementor-section elementor-top-section elementor-element elementor-element-4fd413b elementor-section-full_width elementor-section-height-default elementor-section-height-default\" data-id=\"4fd413b\" data-element_type=\"section\">\n\t\t\t\t\t\t<div class=\"elementor-container elementor-column-gap-default\">\n\t\t\t\t\t<div class=\"elementor-column elementor-col-100 elementor-top-column elementor-element elementor-element-7062c69\" data-id=\"7062c69\" data-element_type=\"column\">\n\t\t\t<div class=\"elementor-widget-wrap elementor-element-populated\">\n\t\t\t\t\t\t<div class=\"elementor-element elementor-element-e9b5548 elementor-widget elementor-widget-intech_call_to_action_v3\" data-id=\"e9b5548\" data-element_type=\"widget\" data-widget_type=\"intech_call_to_action_v3.default\">\n\t\t\t\t<div class=\"elementor-widget-container\">\n\t\t\t        \n         <section class=\"cta-two wow fadeInUp\" data-wow-duration=\"2s\">\n            <div class=\"container-fluid\">\n                <div class=\"row no-gutters\">\n                    <div class=\"col-lg-6\">\n                        <div class=\"cta-two__left\">\n                            <div class=\"cta-two__inner\">\n                                <div class=\"block-title\">\n                                    <h2 class=\"block-title__title\">We run all kinds of IT services <br><span>that vow your success<\/span><\/h2><!-- \/.block-title__title -->\n                                <\/div><!-- \/.block-title -->\n\t\t\t\t\t\t\t\t                                <a href=\"http:\/\/el.commonsupport.com\/newwp\/intech\/contact\/\" class=\"thm-btn cta-two__btn\">Contact us<\/a><!-- \/.thm-btn -->\n\t\t\t\t\t\t\t\t                            <\/div><!-- \/.cta-two__inner -->\n                        <\/div><!-- \/.cta-two__left -->\n                    <\/div><!-- \/.col-lg-6 -->\n                    <div class=\"col-lg-6\">\n                        <div class=\"cta-two__right\">\n                            <div class=\"cta-two__inner\">\n                                <div class=\"block-title\">\n                                    <h2 class=\"block-title__title\">Make a contact <br>with our IT staffs. <br>Call Us?<\/h2><!-- \/.block-title__title -->\n                                <\/div><!-- \/.block-title -->\n                                <p class=\"cta-two__phone\"><a href=\"tel:3055873407\">305-587-3407<\/a><\/p>\n                                <!-- \/.cta-two__phone -->\n                            <\/div><!-- \/.cta-two__inner -->\n                        <\/div><!-- \/.cta-two__right -->\n                    <\/div><!-- \/.col-lg-6 -->\n                <\/div><!-- \/.row no-gutters -->\n            <\/div><!-- \/.container-fluid -->\n        <\/section><!-- \/.cta-two -->\n\n        \t\t<\/div>\n\t\t\t\t<\/div>\n\t\t\t\t\t<\/div>\n\t\t<\/div>\n\t\t\t\t\t<\/div>\n\t\t<\/section>\n\t\t\t\t<\/div>\n\t\t","protected":false},"excerpt":{"rendered":"<p>Sammelklage: Aktion\u00e4re verklagen CrowdStrike wegen irref\u00fchrender Aussagen Der CEO des Softwareunternehmens habe noch im M\u00e4rz sein Produkt als validiert, getestet und zertifiziert bezeichnet und so Investoren in die Irre gef\u00fchrt. by \/ 01.08.2024 [UPDATE] [hoch] libxml2: Mehrere Schwachstellen erm\u00f6glichen nicht spezifizierten Angriff Ein Angreifer kann mehrere Schwachstellen in libxml2 ausnutzen, um einen nicht n\u00e4her spezifizierten [&hellip;]<\/p>\n","protected":false},"author":1,"featured_media":0,"parent":0,"menu_order":0,"comment_status":"closed","ping_status":"closed","template":"tpl-default-elementor.php","meta":{"footnotes":""},"class_list":["post-619","page","type-page","status-publish","hentry"],"_links":{"self":[{"href":"https:\/\/balder-net.de\/index.php?rest_route=\/wp\/v2\/pages\/619","targetHints":{"allow":["GET"]}}],"collection":[{"href":"https:\/\/balder-net.de\/index.php?rest_route=\/wp\/v2\/pages"}],"about":[{"href":"https:\/\/balder-net.de\/index.php?rest_route=\/wp\/v2\/types\/page"}],"author":[{"embeddable":true,"href":"https:\/\/balder-net.de\/index.php?rest_route=\/wp\/v2\/users\/1"}],"replies":[{"embeddable":true,"href":"https:\/\/balder-net.de\/index.php?rest_route=%2Fwp%2Fv2%2Fcomments&post=619"}],"version-history":[{"count":4,"href":"https:\/\/balder-net.de\/index.php?rest_route=\/wp\/v2\/pages\/619\/revisions"}],"predecessor-version":[{"id":1610,"href":"https:\/\/balder-net.de\/index.php?rest_route=\/wp\/v2\/pages\/619\/revisions\/1610"}],"wp:attachment":[{"href":"https:\/\/balder-net.de\/index.php?rest_route=%2Fwp%2Fv2%2Fmedia&parent=619"}],"curies":[{"name":"wp","href":"https:\/\/api.w.org\/{rel}","templated":true}]}}