{"id":417,"date":"2021-03-13T17:22:45","date_gmt":"2021-03-13T17:22:45","guid":{"rendered":"http:\/\/el.commonsupport.com\/newwp\/intech\/?page_id=417"},"modified":"2025-04-14T10:45:32","modified_gmt":"2025-04-14T10:45:32","slug":"services","status":"publish","type":"page","link":"https:\/\/balder-net.de\/?page_id=417","title":{"rendered":"Services"},"content":{"rendered":"\t\t<div data-elementor-type=\"wp-page\" data-elementor-id=\"417\" class=\"elementor elementor-417\">\n\t\t\t\t\t\t<section class=\"elementor-section elementor-top-section elementor-element elementor-element-2edd560 elementor-section-full_width elementor-section-height-default elementor-section-height-default\" data-id=\"2edd560\" data-element_type=\"section\">\n\t\t\t\t\t\t<div class=\"elementor-container elementor-column-gap-default\">\n\t\t\t\t\t<div class=\"elementor-column elementor-col-100 elementor-top-column elementor-element elementor-element-24b1a38\" data-id=\"24b1a38\" data-element_type=\"column\">\n\t\t\t<div class=\"elementor-widget-wrap elementor-element-populated\">\n\t\t\t\t\t\t<div class=\"elementor-element elementor-element-0c9bc11 elementor-widget elementor-widget-intech_services_v1\" data-id=\"0c9bc11\" data-element_type=\"widget\" data-widget_type=\"intech_services_v1.default\">\n\t\t\t\t<div class=\"elementor-widget-container\">\n\t\t\t        \n        <section class=\"service-one  service-one__service-page\">\n            <div class=\"container\">\n                <hr class=\"style-one\">\n                <div class=\"block-title text-center\">\n                    <h2 class=\"block-title__title\">BALDER. <br><span>services<\/span><\/h2>\n                <\/div><!-- \/.block-title -->\n                <div class=\"row\">\n                                        <div class=\"col-lg-4 wow fadeInUp\" data-wow-duration=\"1500ms\" data-wow-delay=\"500ms\">\n                        <div class=\"service-one__single hvr-bounce-to-bottom\">\n                            <div class=\"service-one__icon\">\n\t\t\t\t\t\t\t\t\n\t\t\t\t\t\t\t\t                            \t<span class=\"icon flaticon-system\"><\/span>\n                            <\/div><!-- \/.service-one__icon -->\n                            <h3 class=\"service-one__title\"><a href=\"http:\/\/el.commonsupport.com\/newwp\/intech\/managed-it-services\/\">\ud83d\udd27IT-Infrastruktur &#038; Netzwerkdesign<\/a><\/h3>\n                            <!-- \/.service-one__title -->\n                            <p class=\"service-one__text\">Wir schaffen die Basis f\u00fcr Ihre digitale Zukunft. Ob Unternehmensnetzwerk oder Standortvernetzung \u2013 ...<\/p><!-- \/.service-one__text -->\n                            <a href=\"http:\/\/el.commonsupport.com\/newwp\/intech\/managed-it-services\/\" class=\"service-one__link\"><i class=\"fa fa-angle-right\"><\/i>\n                                <!-- \/.fa fa-angle-right --><\/a><!-- \/.service-one__link -->\n                        <\/div><!-- \/.service-one__single -->\n                    <\/div><!-- \/.col-lg-4 -->\n                                        <div class=\"col-lg-4 wow fadeInUp\" data-wow-duration=\"1500ms\" data-wow-delay=\"500ms\">\n                        <div class=\"service-one__single hvr-bounce-to-bottom\">\n                            <div class=\"service-one__icon\">\n\t\t\t\t\t\t\t\t\n\t\t\t\t\t\t\t\t                            \t<span class=\"icon flaticon-career-3\"><\/span>\n                            <\/div><!-- \/.service-one__icon -->\n                            <h3 class=\"service-one__title\"><a href=\"http:\/\/el.commonsupport.com\/newwp\/intech\/multi-function-services\/\">\ud83c\udf10 Internet &#038; Standortvernetzung<\/a><\/h3>\n                            <!-- \/.service-one__title -->\n                            <p class=\"service-one__text\">Schnelle Verbindungen, zuverl\u00e4ssige L\u00f6sungen.Wir k\u00fcmmern uns um Ihre DSL-, VDSL- oder Glasfaseranbindung \u2013 ...<\/p><!-- \/.service-one__text -->\n                            <a href=\"http:\/\/el.commonsupport.com\/newwp\/intech\/multi-function-services\/\" class=\"service-one__link\"><i class=\"fa fa-angle-right\"><\/i>\n                                <!-- \/.fa fa-angle-right --><\/a><!-- \/.service-one__link -->\n                        <\/div><!-- \/.service-one__single -->\n                    <\/div><!-- \/.col-lg-4 -->\n                                        <div class=\"col-lg-4 wow fadeInUp\" data-wow-duration=\"1500ms\" data-wow-delay=\"500ms\">\n                        <div class=\"service-one__single hvr-bounce-to-bottom\">\n                            <div class=\"service-one__icon\">\n\t\t\t\t\t\t\t\t\n\t\t\t\t\t\t\t\t                            \t<span class=\"icon flaticon-gear-1\"><\/span>\n                            <\/div><!-- \/.service-one__icon -->\n                            <h3 class=\"service-one__title\"><a href=\"http:\/\/el.commonsupport.com\/newwp\/intech\/cyber-security\/\">\ud83d\udd12 IT-Security &#038; Firewall-L\u00f6sungen<\/a><\/h3>\n                            <!-- \/.service-one__title -->\n                            <p class=\"service-one__text\">Sicherheit ist kein Feature \u2013 sondern Pflicht.Wir sch\u00fctzen Ihre Netzwerke mit modernen Firewall-Systemen, ...<\/p><!-- \/.service-one__text -->\n                            <a href=\"http:\/\/el.commonsupport.com\/newwp\/intech\/cyber-security\/\" class=\"service-one__link\"><i class=\"fa fa-angle-right\"><\/i>\n                                <!-- \/.fa fa-angle-right --><\/a><!-- \/.service-one__link -->\n                        <\/div><!-- \/.service-one__single -->\n                    <\/div><!-- \/.col-lg-4 -->\n                                        <div class=\"col-lg-4 wow fadeInUp\" data-wow-duration=\"1500ms\" data-wow-delay=\"500ms\">\n                        <div class=\"service-one__single hvr-bounce-to-bottom\">\n                            <div class=\"service-one__icon\">\n\t\t\t\t\t\t\t\t\n\t\t\t\t\t\t\t\t                            \t<span class=\"icon flaticon-business-and-finance\"><\/span>\n                            <\/div><!-- \/.service-one__icon -->\n                            <h3 class=\"service-one__title\"><a href=\"http:\/\/el.commonsupport.com\/newwp\/intech\/data-management\/\">\ud83d\udce1 WLAN-Planung &#038; Ausleuchtung<\/a><\/h3>\n                            <!-- \/.service-one__title -->\n                            <p class=\"service-one__text\">Funkl\u00f6sungen mit System \u2013 nicht nach Gef\u00fchl.Mit professioneller WLAN-Ausleuchtung und Ubiquiti-L\u00f6sungen schaffen wir ...<\/p><!-- \/.service-one__text -->\n                            <a href=\"http:\/\/el.commonsupport.com\/newwp\/intech\/data-management\/\" class=\"service-one__link\"><i class=\"fa fa-angle-right\"><\/i>\n                                <!-- \/.fa fa-angle-right --><\/a><!-- \/.service-one__link -->\n                        <\/div><!-- \/.service-one__single -->\n                    <\/div><!-- \/.col-lg-4 -->\n                                        <div class=\"col-lg-4 wow fadeInUp\" data-wow-duration=\"1500ms\" data-wow-delay=\"500ms\">\n                        <div class=\"service-one__single hvr-bounce-to-bottom\">\n                            <div class=\"service-one__icon\">\n\t\t\t\t\t\t\t\t\n\t\t\t\t\t\t\t\t                            \t<span class=\"icon flaticon-insurance\"><\/span>\n                            <\/div><!-- \/.service-one__icon -->\n                            <h3 class=\"service-one__title\"><a href=\"http:\/\/el.commonsupport.com\/newwp\/intech\/cloud-computing\/\">\ud83d\udda5\ufe0f Server &#038; Virtualisierung<\/a><\/h3>\n                            <!-- \/.service-one__title -->\n                            <p class=\"service-one__text\">Maximale Effizienz durch intelligente Systeme.Ob Hyper-V oder Proxmox VE \u2013 wir konzipieren und ...<\/p><!-- \/.service-one__text -->\n                            <a href=\"http:\/\/el.commonsupport.com\/newwp\/intech\/cloud-computing\/\" class=\"service-one__link\"><i class=\"fa fa-angle-right\"><\/i>\n                                <!-- \/.fa fa-angle-right --><\/a><!-- \/.service-one__link -->\n                        <\/div><!-- \/.service-one__single -->\n                    <\/div><!-- \/.col-lg-4 -->\n                                        <div class=\"col-lg-4 wow fadeInUp\" data-wow-duration=\"1500ms\" data-wow-delay=\"500ms\">\n                        <div class=\"service-one__single hvr-bounce-to-bottom\">\n                            <div class=\"service-one__icon\">\n\t\t\t\t\t\t\t\t\n\t\t\t\t\t\t\t\t                            \t<span class=\"icon flaticon-interview\"><\/span>\n                            <\/div><!-- \/.service-one__icon -->\n                            <h3 class=\"service-one__title\"><a href=\"http:\/\/el.commonsupport.com\/newwp\/intech\/it-consultancy\/\">\ud83c\udfe2 Rechen- zentrumsservices &#038; Hosting<\/a><\/h3>\n                            <!-- \/.service-one__title -->\n                            <p class=\"service-one__text\">Ihre IT sicher und zuverl\u00e4ssig ausgelagert.Unser eigenes Rechenzentrum bietet Colocation, virtuelle Maschinen, Backup-Speicher ...<\/p><!-- \/.service-one__text -->\n                            <a href=\"http:\/\/el.commonsupport.com\/newwp\/intech\/it-consultancy\/\" class=\"service-one__link\"><i class=\"fa fa-angle-right\"><\/i>\n                                <!-- \/.fa fa-angle-right --><\/a><!-- \/.service-one__link -->\n                        <\/div><!-- \/.service-one__single -->\n                    <\/div><!-- \/.col-lg-4 -->\n                                        <div class=\"col-lg-4 wow fadeInUp\" data-wow-duration=\"1500ms\" data-wow-delay=\"500ms\">\n                        <div class=\"service-one__single hvr-bounce-to-bottom\">\n                            <div class=\"service-one__icon\">\n\t\t\t\t\t\t\t\t\n\t\t\t\t\t\t\t\t                            \t<span class=\"icon flaticon-system\"><\/span>\n                            <\/div><!-- \/.service-one__icon -->\n                            <h3 class=\"service-one__title\"><a href=\"\">\u2601\ufe0f Microsoft 365 &#038; Cloudl\u00f6sungen<\/a><\/h3>\n                            <!-- \/.service-one__title -->\n                            <p class=\"service-one__text\">Produktiv arbeiten \u2013 \u00fcberall, jederzeit.Als Microsoft Partner liefern wir Ihnen Lizenzen, Einrichtung und ...<\/p><!-- \/.service-one__text -->\n                            <a href=\"\" class=\"service-one__link\"><i class=\"fa fa-angle-right\"><\/i>\n                                <!-- \/.fa fa-angle-right --><\/a><!-- \/.service-one__link -->\n                        <\/div><!-- \/.service-one__single -->\n                    <\/div><!-- \/.col-lg-4 -->\n                                        <div class=\"col-lg-4 wow fadeInUp\" data-wow-duration=\"1500ms\" data-wow-delay=\"500ms\">\n                        <div class=\"service-one__single hvr-bounce-to-bottom\">\n                            <div class=\"service-one__icon\">\n\t\t\t\t\t\t\t\t\n\t\t\t\t\t\t\t\t                            \t<span class=\"\"><\/span>\n                            <\/div><!-- \/.service-one__icon -->\n                            <h3 class=\"service-one__title\"><a href=\"\">\ud83e\uddf0 IT-Betreuung &#038; Support<\/a><\/h3>\n                            <!-- \/.service-one__title -->\n                            <p class=\"service-one__text\">Wir sind da, wenn\u2019s drauf ankommt.Zuverl\u00e4ssiger IT-Support, regelm\u00e4\u00dfige Wartung und schnelle Hilfe im ...<\/p><!-- \/.service-one__text -->\n                            <a href=\"\" class=\"service-one__link\"><i class=\"fa fa-angle-right\"><\/i>\n                                <!-- \/.fa fa-angle-right --><\/a><!-- \/.service-one__link -->\n                        <\/div><!-- \/.service-one__single -->\n                    <\/div><!-- \/.col-lg-4 -->\n                                        <div class=\"col-lg-4 wow fadeInUp\" data-wow-duration=\"1500ms\" data-wow-delay=\"500ms\">\n                        <div class=\"service-one__single hvr-bounce-to-bottom\">\n                            <div class=\"service-one__icon\">\n\t\t\t\t\t\t\t\t\n\t\t\t\t\t\t\t\t                            \t<span class=\"\"><\/span>\n                            <\/div><!-- \/.service-one__icon -->\n                            <h3 class=\"service-one__title\"><a href=\"\">\ud83d\udc68\u200d\ud83d\udcbc IT-Beratung &#038; Projektmanagement<\/a><\/h3>\n                            <!-- \/.service-one__title -->\n                            <p class=\"service-one__text\">Von der Idee bis zur Umsetzung \u2013 mit System.Wir begleiten Sie bei IT-Projekten ...<\/p><!-- \/.service-one__text -->\n                            <a href=\"\" class=\"service-one__link\"><i class=\"fa fa-angle-right\"><\/i>\n                                <!-- \/.fa fa-angle-right --><\/a><!-- \/.service-one__link -->\n                        <\/div><!-- \/.service-one__single -->\n                    <\/div><!-- \/.col-lg-4 -->\n                                    <\/div><!-- \/.row -->\n            <\/div><!-- \/.container -->\n        <\/section><!-- \/.service-one -->\n\n        \t\t<\/div>\n\t\t\t\t<\/div>\n\t\t\t\t\t<\/div>\n\t\t<\/div>\n\t\t\t\t\t<\/div>\n\t\t<\/section>\n\t\t\t\t<section class=\"elementor-section elementor-top-section elementor-element elementor-element-e65d0dd elementor-section-full_width elementor-section-height-default elementor-section-height-default\" data-id=\"e65d0dd\" data-element_type=\"section\">\n\t\t\t\t\t\t<div class=\"elementor-container elementor-column-gap-default\">\n\t\t\t\t\t<div class=\"elementor-column elementor-col-100 elementor-top-column elementor-element elementor-element-77af26e\" data-id=\"77af26e\" data-element_type=\"column\">\n\t\t\t<div class=\"elementor-widget-wrap elementor-element-populated\">\n\t\t\t\t\t\t<div class=\"elementor-element elementor-element-674043e elementor-widget elementor-widget-intech_call_to_action_v3\" data-id=\"674043e\" data-element_type=\"widget\" data-widget_type=\"intech_call_to_action_v3.default\">\n\t\t\t\t<div class=\"elementor-widget-container\">\n\t\t\t        \n         <section class=\"cta-two wow fadeInUp\" data-wow-duration=\"2s\">\n            <div class=\"container-fluid\">\n                <div class=\"row no-gutters\">\n                    <div class=\"col-lg-6\">\n                        <div class=\"cta-two__left\">\n                            <div class=\"cta-two__inner\">\n                                <div class=\"block-title\">\n                                    <h2 class=\"block-title__title\">Professionelle IT <br><span>kosteneffizient und Kundenorientiert<\/span><\/h2><!-- \/.block-title__title -->\n                                <\/div><!-- \/.block-title -->\n\t\t\t\t\t\t\t\t                                <a href=\"http:\/\/el.commonsupport.com\/newwp\/intech\/contact\/\" class=\"thm-btn cta-two__btn\">Kontaktieren Sie uns<\/a><!-- \/.thm-btn -->\n\t\t\t\t\t\t\t\t                            <\/div><!-- \/.cta-two__inner -->\n                        <\/div><!-- \/.cta-two__left -->\n                    <\/div><!-- \/.col-lg-6 -->\n                    <div class=\"col-lg-6\">\n                        <div class=\"cta-two__right\">\n                            <div class=\"cta-two__inner\">\n                                <div class=\"block-title\">\n                                    <h2 class=\"block-title__title\">St\u00f6rung? <br>Rufen Sie uns an!<br><\/h2><!-- \/.block-title__title -->\n                                <\/div><!-- \/.block-title -->\n                                <p class=\"cta-two__phone\"><a href=\"tel:499114776680\">+49 911 477 668 -0<\/a><\/p>\n                                <!-- \/.cta-two__phone -->\n                            <\/div><!-- \/.cta-two__inner -->\n                        <\/div><!-- \/.cta-two__right -->\n                    <\/div><!-- \/.col-lg-6 -->\n                <\/div><!-- \/.row no-gutters -->\n            <\/div><!-- \/.container-fluid -->\n        <\/section><!-- \/.cta-two -->\n\n        \t\t<\/div>\n\t\t\t\t<\/div>\n\t\t\t\t\t<\/div>\n\t\t<\/div>\n\t\t\t\t\t<\/div>\n\t\t<\/section>\n\t\t\t\t<\/div>\n\t\t","protected":false},"excerpt":{"rendered":"<p>BALDER. services \ud83d\udd27IT-Infrastruktur &#038; Netzwerkdesign Wir schaffen die Basis f\u00fcr Ihre digitale Zukunft. Ob Unternehmensnetzwerk oder Standortvernetzung \u2013 wir planen, installieren und betreuen stabile IT-Infrastrukturen auf Kupfer- und Glasfaserbasis. Ma\u00dfgeschneidert, leistungsf\u00e4hig und aus einer Hand. \ud83c\udf10 Internet &#038; Standortvernetzung Schnelle Verbindungen, zuverl\u00e4ssige L\u00f6sungen.Wir k\u00fcmmern uns um Ihre DSL-, VDSL- oder Glasfaseranbindung \u2013 inklusive Router, Konfiguration [&hellip;]<\/p>\n","protected":false},"author":1,"featured_media":0,"parent":0,"menu_order":0,"comment_status":"closed","ping_status":"closed","template":"tpl-default-elementor.php","meta":{"footnotes":""},"class_list":["post-417","page","type-page","status-publish","hentry"],"_links":{"self":[{"href":"https:\/\/balder-net.de\/index.php?rest_route=\/wp\/v2\/pages\/417","targetHints":{"allow":["GET"]}}],"collection":[{"href":"https:\/\/balder-net.de\/index.php?rest_route=\/wp\/v2\/pages"}],"about":[{"href":"https:\/\/balder-net.de\/index.php?rest_route=\/wp\/v2\/types\/page"}],"author":[{"embeddable":true,"href":"https:\/\/balder-net.de\/index.php?rest_route=\/wp\/v2\/users\/1"}],"replies":[{"embeddable":true,"href":"https:\/\/balder-net.de\/index.php?rest_route=%2Fwp%2Fv2%2Fcomments&post=417"}],"version-history":[{"count":4,"href":"https:\/\/balder-net.de\/index.php?rest_route=\/wp\/v2\/pages\/417\/revisions"}],"predecessor-version":[{"id":2425,"href":"https:\/\/balder-net.de\/index.php?rest_route=\/wp\/v2\/pages\/417\/revisions\/2425"}],"wp:attachment":[{"href":"https:\/\/balder-net.de\/index.php?rest_route=%2Fwp%2Fv2%2Fmedia&parent=417"}],"curies":[{"name":"wp","href":"https:\/\/api.w.org\/{rel}","templated":true}]}}